z. What is the tens digit of t?
1
Let k(a) = 6*a**3 + 2*a**2 + 3*a - 5. Let h be ((-48)/(-10))/((-12)/(-30)). Suppose h = q + 5*q. What is the tens digit of k(q)?
5
Let q = -1969 - -10808. What is the units digit of q?
9
What is the tens digit of (166/12 - (-2)/12)/((-2)/(-9686))?
0
Let b be (20/(-15))/((-1)/(-3)). Let n be 2 + -2 - (-9 - b). Suppose 0*m = n*m - 100. What is the tens digit of m?
2
Let u be (-71 - -1)*(-38)/(-5). Let k = -165 - u. What is the tens digit of k?
6
Let a be (-216)/(-60)*2/((-8)/(-10)). Suppose w + 2160 = a*w. What is the tens digit of w?
7
Let b = 50230 - 18701. What is the units digit of b?
9
Let l = 20392 - 8771. What is the tens digit of l?
2
Let f = 14964 - 5535. What is the thousands digit of f?
9
Suppose -12*z + 6 = -10*z. Suppose z*v - 431 = -2*c + c, -5*c = -3*v + 419. Suppose 2*d = v + 33. What is the units digit of d?
8
Suppose -5*j = f - 22, -2*f + 7*f = -4*j + 47. Suppose 0 = 5*o - f*l + 4*l - 1238, 1242 = 5*o - 2*l. What is the hundreds digit of o?
2
Let c = -215 - -221. Let y(i) be the third derivative of -i**6/120 + 2*i**5/15 - 5*i**4/24 - i**3/3 + 2*i**2. What is the tens digit of y(c)?
4
Suppose 3*f + 2*f - 19 = -4*x, -4 = -x - f. Let j = 33 + x. What is the tens digit of j?
3
Suppose 0 = v, -3*o - 2*v - v = -177. Suppose -4*m + o = 11. What is the units digit of m?
2
Let k(c) = 6468*c - 242. What is the tens digit of k(6)?
6
Suppose -20*s + 89422 + 88258 = 0. What is the thousands digit of s?
8
Let f be (-5 - -2)*5/3. Suppose 5*d + 14 = -4*a - 2, -5*d + 16 = -4*a. What is the units digit of (d + 50/(-15))*348/f?
2
Let w(l) = 1789*l - 1800*l + 218 - 7. What is the hundreds digit of w(-18)?
4
What is the thousands digit of 2*36041/7 + 9/(-21)?
0
Let l(r) = 2*r**3 - 25*r**2 + 16*r - 9. Let z be l(12). Suppose -z*n + 40*n = 314. Let p = n - 98. What is the units digit of p?
6
Let a(q) = 229*q**2 + 78*q - 550. What is the thousands digit of a(14)?
5
Let m(f) = 8*f - 12. Let t be m(9). Suppose v - 47 = t. Suppose 0 = 4*b + v - 315. What is the tens digit of b?
5
Suppose 0 = -5*q + 4*c + 8, -q = c - 9 + 2. Suppose 0 = 3*w - q - 5. Suppose -458 = -5*u - w*z, 5*z + 149 + 247 = 4*u. What is the units digit of u?
4
Let t(y) = 1011*y**2 + 2. Let w be t(1). Let r = w - 449. What is the units digit of r?
4
Let y(j) = -2*j**3 - 150*j**2 + 227*j + 189. What is the hundreds digit of y(-81)?
5
Suppose 3*y + 7 - 16 = 0. Suppose x + 3*f = -11, -5 = 2*x - f + y. What is the units digit of (90/12 + x)/(2/20)?
5
Suppose 3*v - 79461 = -r, -6*v = -3*r - 10*v + 238428. What is the hundreds digit of r?
4
Let l = -3043 - -3789. What is the units digit of l?
6
What is the tens digit of ((-18)/12*-2113)/((-7)/(-14))?
3
Let o be (-4)/(-14) + 1256/14. Let d be 15 - (7/2)/(13/26). Suppose -d*b + 5*z = -3*b - o, -2*b + 46 = 3*z. What is the tens digit of b?
2
Let r(o) = 18 + 66*o - o**2 - 46*o + 28. Let z be r(22). Suppose 208 = z*f + 4*h, 5*f = -10*h + 5*h + 515. What is the hundreds digit of f?
1
Let n(p) = -p - 6. Let z be n(-9). Suppose 0*b = b + z. What is the tens digit of (-226)/(1 - (5 + b))?
2
What is the tens digit of 6/(-15) + 12*(-795)/(-225)?
4
Let n = 1817 - 720. Suppose 6*z - n = -293. What is the units digit of z?
4
Suppose -34*i + 87389 = -11313. What is the tens digit of i?
0
Suppose -5*q - 3*f + 2991 = -q, -5*f - 2951 = -4*q. Suppose 9*z = z - q. Let y = z + 107. What is the units digit of y?
4
Suppose 5*h + 2*a = -55, 2*h + 4*a + 56 = -2*h. Suppose -4 = 2*p - 16. What is the tens digit of -26*13/(-3) + p/h?
1
Let x be -1 + -3 + 243 + -5. Suppose 0 = j - 2*j + x. Suppose -3*l = -2*v + j, 3*l = 3*v + l - 356. What is the units digit of v?
0
Let s be 1/6 + 17/(-102). Suppose s = -6*f + 33 - 15. Suppose -4*m + g + f*g = -256, -54 = -m - g. What is the units digit of m?
9
Suppose -3*f - 22 = 4*n, -n - 25 = 3*f - 6. Let u(v) = -59*v + 20. Let a be u(f). What is the hundreds digit of 5/40*4*a?
1
Suppose 0 = 6*d - 104 - 16. Let v(t) = 4*t - 38. What is the units digit of v(d)?
2
Suppose -v = 80*x - 77*x - 8658, 0 = v - 5*x - 8650. What is the hundreds digit of v?
6
Suppose -2*r = 8*r - 304578 - 240532. What is the tens digit of r?
1
Let x(l) be the third derivative of l**4/4 + 229*l**3/6 - 177*l**2. What is the units digit of x(-5)?
9
Let r(v) = 4*v**3 - 18*v**2 + 3*v - 2. Let c be r(9). Suppose -4*m + y + c = -0*m, 2*y - 2 = 0. What is the units digit of m?
1
Suppose 6*g - g + 75 = 0. Suppose -3*j = 40*s - 38*s - 15, 0 = 3*s + 5*j - 25. What is the units digit of (-1)/3 - (s - (-680)/g)?
5
Suppose -3*h + 1109 = 938. Suppose -32*c - 42450 = -h*c. What is the hundreds digit of c?
6
Suppose 0 = 5*o - 0*g - 4*g - 48, -4*o = g - 51. Suppose 0*h - h + o = 0. What is the hundreds digit of (-3)/(h/(-20))*20?
1
Let m(u) = -7*u**3 + 270*u**2 + 16*u - 10. What is the units digit of m(37)?
1
Suppose -214*v = -30*v - 13812360 - 225736. What is the tens digit of v?
9
Suppose -13*o - 28*o + 192622 = -3*o. What is the tens digit of o?
6
Suppose -5*d - x + 5463 = 0, 2*d - 3*x - 1015 = 1160. Suppose -5*g = 5*a - 4430, d + 1564 = 3*g + 4*a. Suppose 3*v + v - g = 0. What is the units digit of v?
2
Suppose 4*q = -5*d + 95623 + 419, 21*q - 504170 = -d. What is the tens digit of q?
0
Suppose c + 5*u = 0, -23*u + 35 = 2*c - 20*u. Let a = c + 592. What is the units digit of a?
7
Let w(q) = q**3 + 16*q**2 - 2*q + 32. Let r be w(-13). Let y = r - 246. What is the tens digit of y?
1
Let p be 0 + 3/(-7) - 254700/(-175). Suppose 5*s = 450 + p. What is the units digit of s?
1
Let f = -2034 - -5685. What is the hundreds digit of f?
6
Let f(h) = -h**3 + 23*h**2 + 2*h - 3. Let y be f(20). Suppose 3*p + y = c + 3*c, -625 = -2*c - 5*p. What is the units digit of c?
0
Suppose t + 80295 = 4*d, -12*d + 11*d + 20085 = 2*t. What is the hundreds digit of d?
0
Suppose -262 = -5*g - 4*b, 0*g - 5*g = -b - 272. Let s = 174 - g. What is the hundreds digit of s?
1
Let p(v) = 4205*v + 223. What is the hundreds digit of p(1)?
4
Let p = 27944 + -19898. What is the units digit of p?
6
Let w = -135 - -63. Let b = w - -77. Suppose -4*n - 62 = -b*h + 462, -h = n - 103. What is the hundreds digit of h?
1
Let y = 2075 - 1423. Suppose 3*t = -t + 8848. Suppose -y + t = 12*l. What is the hundreds digit of l?
1
Let g be (-13)/(138/(-320) - 48/(-120)). Let o = 703 - g. What is the units digit of o?
7
Suppose 613 + 857 = -15*n. Let t be (-26)/(-7) - 7/(n/4). Suppose 0 = t*j + 8 - 60. What is the tens digit of j?
1
Suppose -5*a + 6*a = 5*s + 6334, -3*a - 3*s = -18894. What is the units digit of a?
4
Suppose -6*d + 24*d = 7776. Suppose -315*i + 319*i - d = 0. What is the units digit of i?
8
Let m(l) = -19700*l**3 - 2*l**2 + 90*l + 92. What is the thousands digit of m(-1)?
9
Let f = -14 + 101. Let j be ((-99)/12 - 1)/((-2)/(-8)). Let w = f + j. What is the tens digit of w?
5
Suppose 0*z - 10 = 2*z - 4*y, 5*z - 14 = -3*y. What is the units digit of (z + -31)/(-1*(-8)/(-92))?
5
Let a = 1792 - 1806. Let q(r) = -19 - r**2 - 28*r + 9*r + 0*r**2. What is the units digit of q(a)?
1
Suppose 11 = 4*a - 3*v, 3*a + v = -4*v + 1. Suppose -a*w - 2 - 2 = 0, -w + 16 = 3*x. Let g(f) = 2*f**2 + 3*f + 2. What is the tens digit of g(x)?
9
Let f = -24377 + 49451. What is the hundreds digit of f?
0
Suppose 5*o + 7*y = 8*y + 41735, -4*o - y = -33397. What is the units digit of o?
8
Let y(z) = 5176*z + 10262. What is the hundreds digit of y(10)?
0
Let l(d) = -101*d**3 + 3*d**2 + d - 4. Let v be l(4). Let z be 6 + 264/(-42) + v/(-14). Suppose 9*g - 7*g = z. What is the units digit of g?
9
Suppose 28*l + 4*l - 218176 = 0. What is the units digit of l?
8
Suppose 0 = 21*s - 20*s + 1. What is the tens digit of 180 + 36/(-10 - s)?
7
Let s(d) = -684*d - 2731. What is the units digit of s(-11)?
3
Suppose -5*n + 44 = 14. What is the hundreds digit of 0*(5 - n) - -128?
1
Let s(g) = 3*g**2 + g + 7. Let v be s(4). What is the units digit of (382/(-12))/(v/(-354))?
1
Suppose 3*h = -3*q, 0 = -q + 3*q + 5*h - 12. What is the units digit of (-42 + q)*300/(-24)?
5
Let g be 8*6/4*1199. Suppose 0 = -56*x + 23*x + g. What is the tens digit of x?
3
Let z(l) = 282*l**2 + 135*l + 336. Let c(h) = -35*h**2 - 17*h - 42. Let n(g) = -33*c(g) - 4*z(g). What is the tens digit of n(-6)?
8
Let w(y) = 2*y**3 - 34*y**2 - 55*y + 67. W